{"id":2366,"date":"2020-02-27T10:10:18","date_gmt":"2020-02-27T10:10:18","guid":{"rendered":"https:\/\/www.mapoma.es\/running_league\/?page_id=2366"},"modified":"2020-02-27T10:11:50","modified_gmt":"2020-02-27T10:11:50","slug":"2366-2","status":"publish","type":"page","link":"https:\/\/www.mapoma.es\/running_league\/2366-2\/","title":{"rendered":"Coge fuerzas con VIPS"},"content":{"rendered":"<div id=\"pl-2366\"  class=\"panel-layout\" >\n<div id=\"pg-2366-0\"  class=\"panel-grid panel-has-style\"  data-style=\"{&quot;padding&quot;:&quot;50px&quot;,&quot;mobile_padding&quot;:&quot;mob-pad-0&quot;,&quot;cell_alignment&quot;:&quot;flex-start&quot;,&quot;align&quot;:&quot;&quot;,&quot;background_image&quot;:false,&quot;overlay&quot;:&quot;&quot;,&quot;overlay_color&quot;:&quot;#000000&quot;}\" >\n<div class=\"mob-pad-0 panel-row-style panel-row-style-for-2366-0\" style=\"padding: 50px 0; \" data-overlay=\"true\" data-overlay-color=\"#000000\" >\n<div id=\"pgc-2366-0-0\"  class=\"panel-grid-cell\"  data-weight=\"1\" >\n<div id=\"panel-2366-0-0-0\" class=\"so-panel widget widget_text panel-first-child panel-last-child\" data-index=\"0\" data-style=\"{&quot;mobile_padding&quot;:&quot;15px 15px 15px 15px&quot;,&quot;background_image_attachment&quot;:false,&quot;background_display&quot;:&quot;tile&quot;,&quot;content_alignment&quot;:&quot;left&quot;,&quot;title_color&quot;:&quot;#443f3f&quot;,&quot;headings_color&quot;:&quot;#443f3f&quot;}\" >\n<div style=\"text-align: left;\" data-title-color=\"#443f3f\" data-headings-color=\"#443f3f\" class=\"panel-widget-style panel-widget-style-for-2366-0-0-0\" >\n<div class=\"textwidget\">\n<h2>\u00a1Coge fuerzas con VIPS!<span style=\"color:#B6B8BD;font-size:24px;\"><\/span><\/h2>\n<\/div><\/div>\n<\/div>\n<\/div>\n<\/div>\n<\/div>\n<div id=\"pg-2366-1\"  class=\"panel-grid panel-has-style\"  data-style=\"{&quot;padding&quot;:&quot;50px&quot;,&quot;background&quot;:&quot;#b6b8bd&quot;,&quot;row_stretch&quot;:&quot;full&quot;,&quot;align&quot;:true,&quot;color&quot;:&quot;#ffffff&quot;,&quot;overlay&quot;:&quot;&quot;}\" >\n<div class=\"siteorigin-panels-stretch panel-row-style panel-row-style-for-2366-1\" style=\"color: #ffffff;text-align: center;padding: 50px 0; \" data-stretch-type=\"full\" data-hascolor=\"hascolor\" data-overlay=\"true\" >\n<div id=\"pgc-2366-1-0\"  class=\"panel-grid-cell\"  data-weight=\"1\" >\n<div id=\"panel-2366-1-0-0\" class=\"so-panel widget widget_text panel-first-child panel-last-child\" data-index=\"1\" data-style=\"{&quot;widget_css&quot;:&quot;font-size: 36px;&quot;,&quot;background_image_attachment&quot;:false,&quot;background_display&quot;:&quot;tile&quot;,&quot;font_color&quot;:&quot;#ffffff&quot;,&quot;content_alignment&quot;:&quot;left&quot;,&quot;title_color&quot;:&quot;#443f3f&quot;,&quot;headings_color&quot;:&quot;#443f3f&quot;}\" >\n<div style=\"text-align: left;\" data-title-color=\"#443f3f\" data-headings-color=\"#443f3f\" class=\"panel-widget-style panel-widget-style-for-2366-1-0-0\" >\n<div class=\"textwidget\">\n<section class=\"elementor-element elementor-element-944ec9d elementor-section-stretched elementor-section-boxed elementor-section-height-default elementor-section-height-default elementor-section elementor-top-section\" data-id=\"944ec9d\" data-element_type=\"section\" data-settings=\"{&quot;stretch_section&quot;:&quot;section-stretched&quot;,&quot;background_background&quot;:&quot;classic&quot;}\">\n<div class=\"elementor-container elementor-column-gap-default\">\n<div class=\"elementor-row\">\n<div class=\"elementor-element elementor-element-7dc005e9 elementor-column elementor-col-100 elementor-top-column\" data-id=\"7dc005e9\" data-element_type=\"column\">\n<div class=\"elementor-column-wrap  elementor-element-populated\">\n<div class=\"elementor-widget-wrap\">\n<div class=\"elementor-element elementor-element-73cf95aa elementor-widget elementor-widget-text-editor\" data-id=\"73cf95aa\" data-element_type=\"widget\" data-widget_type=\"text-editor.default\">\n<div class=\"elementor-widget-container\">\n<div class=\"elementor-text-editor elementor-clearfix\">\n<p><strong>VIPS<\/strong>, como patrocinador oficial de la MAPOMA Running League by AS te invita a una VIPS Burguer, un Sandwich VIPS Club o unas Tortitas, hasta el 2 de abril. Escanea el c\u00f3digo y obt\u00e9n tu cup\u00f3n de descuento.<\/p>\n<\/div>\n<\/div>\n<\/div>\n<\/div>\n<\/div>\n<\/div>\n<\/div>\n<\/div>\n<\/section>\n<section class=\"elementor-element elementor-element-d1c305e elementor-section-boxed elementor-section-height-default elementor-section-height-default elementor-section elementor-top-section\" data-id=\"d1c305e\" data-element_type=\"section\">\n<div class=\"elementor-container elementor-column-gap-default\">\n<div class=\"elementor-row\">\n<div class=\"elementor-element elementor-element-fa5fd58 elementor-column elementor-col-100 elementor-top-column\" data-id=\"fa5fd58\" data-element_type=\"column\">\n<div class=\"elementor-column-wrap  elementor-element-populated\">\n<div class=\"elementor-widget-wrap\">\n<div class=\"elementor-element elementor-element-7cc45ca elementor-widget elementor-widget-image\" data-id=\"7cc45ca\" data-element_type=\"widget\" data-widget_type=\"image.default\">\n<div class=\"elementor-widget-container\"><\/div>\n<\/div>\n<\/div>\n<\/div>\n<\/div>\n<\/div>\n<\/div>\n<\/section>\n<\/div><\/div>\n<\/div>\n<\/div>\n<\/div>\n<\/div>\n<div id=\"pg-2366-2\"  class=\"panel-grid panel-has-style\"  data-style=\"{&quot;bottom_margin&quot;:&quot;0px&quot;,&quot;cell_alignment&quot;:&quot;flex-start&quot;,&quot;align&quot;:&quot;&quot;,&quot;background_image&quot;:false,&quot;overlay&quot;:&quot;&quot;,&quot;overlay_color&quot;:&quot;#000000&quot;}\"  data-color-label=\"2\"  data-label=\"Features\" >\n<div style=\"padding: 100px 0; \" data-overlay=\"true\" data-overlay-color=\"#000000\" class=\"panel-row-style panel-row-style-for-2366-2\" >\n<div id=\"pgc-2366-2-0\"  class=\"panel-grid-cell\"  data-style=\"{&quot;background_image_attachment&quot;:false,&quot;background_display&quot;:&quot;tile&quot;,&quot;vertical_alignment&quot;:&quot;auto&quot;}\"  data-weight=\"0.33333333333333\" >\n<div id=\"panel-2366-2-0-0\" class=\"so-panel widget widget_sow-hero panel-first-child\" data-index=\"2\" data-style=\"{&quot;background_image_attachment&quot;:false,&quot;background_display&quot;:&quot;tile&quot;,&quot;content_alignment&quot;:&quot;left&quot;,&quot;title_color&quot;:&quot;#443f3f&quot;,&quot;headings_color&quot;:&quot;#443f3f&quot;}\" >\n<div style=\"text-align: left;\" data-title-color=\"#443f3f\" data-headings-color=\"#443f3f\" class=\"panel-widget-style panel-widget-style-for-2366-2-0-0\" ><div class=\"so-widget-sow-hero so-widget-sow-hero-default-45c42717c295 so-widget-fittext-wrapper\" data-fit-text-compressor=\"0.85\"><div class=\"sow-slider-base\" style=\"display: none\"><ul class=\"sow-slider-images\" data-settings=\"{&quot;pagination&quot;:true,&quot;speed&quot;:800,&quot;timeout&quot;:8000,&quot;paused&quot;:false,&quot;pause_on_hover&quot;:false,&quot;swipe&quot;:true,&quot;nav_always_show_desktop&quot;:&quot;&quot;,&quot;nav_always_show_mobile&quot;:&quot;&quot;,&quot;breakpoint&quot;:&quot;780px&quot;,&quot;unmute&quot;:false}\">\t\t<li class=\"sow-slider-image  sow-slider-image-cover\" style=\"background-color: #333333;background-image: url(https:\/\/www.mapoma.es\/running_league\/wp-content\/uploads\/2020\/02\/BURGUER.jpg)\" >\n\t\t\t\t\t<div class=\"sow-slider-image-container\">\n\t\t\t<div class=\"sow-slider-image-wrapper\">\n\t\t\t\t\t\t\t<\/div>\n\t\t<\/div>\n\t\t\t\t<\/li>\n\t\t<\/ul>\t\t\t\t<ol class=\"sow-slider-pagination\">\n\t\t\t\t\t\t\t\t\t\t\t<li><a href=\"#\" data-goto=\"0\" aria-label=\"mostrar diapositiva 1\"><\/a><\/li>\n\t\t\t\t\t\t\t\t\t<\/ol>\n\n\t\t\t\t<div class=\"sow-slide-nav sow-slide-nav-next\">\n\t\t\t\t\t<a href=\"#\" data-goto=\"next\" aria-label=\"diapositiva siguiente\" data-action=\"next\">\n\t\t\t\t\t\t<em class=\"sow-sld-icon-thin-right\"><\/em>\n\t\t\t\t\t<\/a>\n\t\t\t\t<\/div>\n\n\t\t\t\t<div class=\"sow-slide-nav sow-slide-nav-prev\">\n\t\t\t\t\t<a href=\"#\" data-goto=\"previous\" aria-label=\"diapositiva anterior\" data-action=\"prev\">\n\t\t\t\t\t\t<em class=\"sow-sld-icon-thin-left\"><\/em>\n\t\t\t\t\t<\/a>\n\t\t\t\t<\/div>\n\t\t\t\t<\/div><\/div><\/div>\n<\/div>\n<div id=\"panel-2366-2-0-1\" class=\"so-panel widget widget_sow-editor panel-last-child\" data-index=\"3\" data-style=\"{&quot;mobile_padding&quot;:&quot;20px 0px 20px 0px&quot;,&quot;background_image_attachment&quot;:false,&quot;background_display&quot;:&quot;tile&quot;,&quot;margin&quot;:&quot;20px 0px 20px 0px&quot;,&quot;content_alignment&quot;:&quot;left&quot;,&quot;title_color&quot;:&quot;#443f3f&quot;,&quot;headings_color&quot;:&quot;#443f3f&quot;}\" >\n<div style=\"text-align: left;\" data-title-color=\"#443f3f\" data-headings-color=\"#443f3f\" class=\"panel-widget-style panel-widget-style-for-2366-2-0-1\" >\n<div class=\"so-widget-sow-editor so-widget-sow-editor-base\">\n<div class=\"siteorigin-widget-tinymce textwidget\">\n<p style=\"text-align: left;\"><img loading=\"lazy\" class=\"size-full wp-image-2373 alignleft\" src=\"https:\/\/www.mapoma.es\/running_league\/wp-content\/uploads\/2020\/02\/Carrera-VIPS-Burger.gif\" alt=\"\" width=\"84\" height=\"84\"\/>Promoci\u00f3n v\u00e1lida de una VIPS Burger gratis con un consumo m\u00ednimo de 18\u20ac adicionales al plato regalado. V\u00e1lido todos los d\u00edas y a cualquier hora hasta el 2 de abril de 2020. No acumulable a otras promociones u ofertas ya existentes, ni a men\u00fas. V\u00e1lido un cup\u00f3n por mesa. El ticket no es fraccionable. Promoci\u00f3n v\u00e1lida en VIPS y VIPS Smart.<\/p>\n<\/div>\n<\/div>\n<\/div>\n<\/div>\n<\/div>\n<div id=\"pgc-2366-2-1\"  class=\"panel-grid-cell\"  data-weight=\"0.33333333333333\" >\n<div id=\"panel-2366-2-1-0\" class=\"so-panel widget widget_sow-hero panel-first-child\" data-index=\"4\" data-style=\"{&quot;background_image_attachment&quot;:false,&quot;background_display&quot;:&quot;tile&quot;,&quot;content_alignment&quot;:&quot;left&quot;,&quot;title_color&quot;:&quot;#443f3f&quot;,&quot;headings_color&quot;:&quot;#443f3f&quot;}\" >\n<div style=\"text-align: left;\" data-title-color=\"#443f3f\" data-headings-color=\"#443f3f\" class=\"panel-widget-style panel-widget-style-for-2366-2-1-0\" ><div class=\"so-widget-sow-hero so-widget-sow-hero-default-45c42717c295 so-widget-fittext-wrapper\" data-fit-text-compressor=\"0.85\"><div class=\"sow-slider-base\" style=\"display: none\"><ul class=\"sow-slider-images\" data-settings=\"{&quot;pagination&quot;:true,&quot;speed&quot;:800,&quot;timeout&quot;:8000,&quot;paused&quot;:false,&quot;pause_on_hover&quot;:false,&quot;swipe&quot;:true,&quot;nav_always_show_desktop&quot;:&quot;&quot;,&quot;nav_always_show_mobile&quot;:&quot;&quot;,&quot;breakpoint&quot;:&quot;780px&quot;,&quot;unmute&quot;:false}\">\t\t<li class=\"sow-slider-image  sow-slider-image-cover\" style=\"background-color: #333333;background-image: url(https:\/\/www.mapoma.es\/running_league\/wp-content\/uploads\/2020\/02\/VIPS_tortitas_01.jpg)\" >\n\t\t\t\t\t<div class=\"sow-slider-image-container\">\n\t\t\t<div class=\"sow-slider-image-wrapper\">\n\t\t\t\t\t\t\t<\/div>\n\t\t<\/div>\n\t\t\t\t<\/li>\n\t\t<\/ul>\t\t\t\t<ol class=\"sow-slider-pagination\">\n\t\t\t\t\t\t\t\t\t\t\t<li><a href=\"#\" data-goto=\"0\" aria-label=\"mostrar diapositiva 1\"><\/a><\/li>\n\t\t\t\t\t\t\t\t\t<\/ol>\n\n\t\t\t\t<div class=\"sow-slide-nav sow-slide-nav-next\">\n\t\t\t\t\t<a href=\"#\" data-goto=\"next\" aria-label=\"diapositiva siguiente\" data-action=\"next\">\n\t\t\t\t\t\t<em class=\"sow-sld-icon-thin-right\"><\/em>\n\t\t\t\t\t<\/a>\n\t\t\t\t<\/div>\n\n\t\t\t\t<div class=\"sow-slide-nav sow-slide-nav-prev\">\n\t\t\t\t\t<a href=\"#\" data-goto=\"previous\" aria-label=\"diapositiva anterior\" data-action=\"prev\">\n\t\t\t\t\t\t<em class=\"sow-sld-icon-thin-left\"><\/em>\n\t\t\t\t\t<\/a>\n\t\t\t\t<\/div>\n\t\t\t\t<\/div><\/div><\/div>\n<\/div>\n<div id=\"panel-2366-2-1-1\" class=\"so-panel widget widget_sow-editor panel-last-child\" data-index=\"5\" data-style=\"{&quot;mobile_padding&quot;:&quot;20px 0px 20px 0px&quot;,&quot;background_image_attachment&quot;:false,&quot;background_display&quot;:&quot;tile&quot;,&quot;margin&quot;:&quot;20px 0px 20px 0px&quot;,&quot;content_alignment&quot;:&quot;left&quot;,&quot;title_color&quot;:&quot;#443f3f&quot;,&quot;headings_color&quot;:&quot;#443f3f&quot;}\" >\n<div style=\"text-align: left;\" data-title-color=\"#443f3f\" data-headings-color=\"#443f3f\" class=\"panel-widget-style panel-widget-style-for-2366-2-1-1\" >\n<div class=\"so-widget-sow-editor so-widget-sow-editor-base\">\n<div class=\"siteorigin-widget-tinymce textwidget\">\n<p style=\"text-align: left;\"><img loading=\"lazy\" class=\"size-full wp-image-2394 alignleft\" src=\"https:\/\/www.mapoma.es\/running_league\/wp-content\/uploads\/2020\/02\/Carrera-Tortitas.gif\" alt=\"\" width=\"84\" height=\"84\"\/>Promoci\u00f3n v\u00e1lida por un plato de tortitas de nuestra carta con un consumo m\u00ednimo de 13\u20ac. V\u00e1lido todos los d\u00edas y a cualquier hora hasta el 2 de abril de 2020. No acumulable a otras promociones u ofertas ya existentes, ni a men\u00fas. V\u00e1lido un cup\u00f3n por mesa. El ticket no es fraccionable. Promoci\u00f3n v\u00e1lida en VIPS y VIPS Smart.<\/p>\n<\/div>\n<\/div>\n<\/div>\n<\/div>\n<\/div>\n<div id=\"pgc-2366-2-2\"  class=\"panel-grid-cell\"  data-weight=\"0.33333333333333\" >\n<div id=\"panel-2366-2-2-0\" class=\"so-panel widget widget_sow-hero panel-first-child\" data-index=\"6\" data-style=\"{&quot;background_image_attachment&quot;:false,&quot;background_display&quot;:&quot;tile&quot;,&quot;content_alignment&quot;:&quot;left&quot;,&quot;title_color&quot;:&quot;#443f3f&quot;,&quot;headings_color&quot;:&quot;#443f3f&quot;}\" >\n<div style=\"text-align: left;\" data-title-color=\"#443f3f\" data-headings-color=\"#443f3f\" class=\"panel-widget-style panel-widget-style-for-2366-2-2-0\" ><div class=\"so-widget-sow-hero so-widget-sow-hero-default-45c42717c295 so-widget-fittext-wrapper\" data-fit-text-compressor=\"0.85\"><div class=\"sow-slider-base\" style=\"display: none\"><ul class=\"sow-slider-images\" data-settings=\"{&quot;pagination&quot;:true,&quot;speed&quot;:800,&quot;timeout&quot;:8000,&quot;paused&quot;:false,&quot;pause_on_hover&quot;:false,&quot;swipe&quot;:true,&quot;nav_always_show_desktop&quot;:&quot;&quot;,&quot;nav_always_show_mobile&quot;:&quot;&quot;,&quot;breakpoint&quot;:&quot;780px&quot;,&quot;unmute&quot;:false}\">\t\t<li class=\"sow-slider-image  sow-slider-image-cover\" style=\"background-color: #333333;background-image: url(https:\/\/www.mapoma.es\/running_league\/wp-content\/uploads\/2020\/02\/VIPSCLUB.jpg)\" >\n\t\t\t\t\t<div class=\"sow-slider-image-container\">\n\t\t\t<div class=\"sow-slider-image-wrapper\">\n\t\t\t\t\t\t\t<\/div>\n\t\t<\/div>\n\t\t\t\t<\/li>\n\t\t<\/ul>\t\t\t\t<ol class=\"sow-slider-pagination\">\n\t\t\t\t\t\t\t\t\t\t\t<li><a href=\"#\" data-goto=\"0\" aria-label=\"mostrar diapositiva 1\"><\/a><\/li>\n\t\t\t\t\t\t\t\t\t<\/ol>\n\n\t\t\t\t<div class=\"sow-slide-nav sow-slide-nav-next\">\n\t\t\t\t\t<a href=\"#\" data-goto=\"next\" aria-label=\"diapositiva siguiente\" data-action=\"next\">\n\t\t\t\t\t\t<em class=\"sow-sld-icon-thin-right\"><\/em>\n\t\t\t\t\t<\/a>\n\t\t\t\t<\/div>\n\n\t\t\t\t<div class=\"sow-slide-nav sow-slide-nav-prev\">\n\t\t\t\t\t<a href=\"#\" data-goto=\"previous\" aria-label=\"diapositiva anterior\" data-action=\"prev\">\n\t\t\t\t\t\t<em class=\"sow-sld-icon-thin-left\"><\/em>\n\t\t\t\t\t<\/a>\n\t\t\t\t<\/div>\n\t\t\t\t<\/div><\/div><\/div>\n<\/div>\n<div id=\"panel-2366-2-2-1\" class=\"so-panel widget widget_sow-editor panel-last-child\" data-index=\"7\" data-style=\"{&quot;mobile_padding&quot;:&quot;20px 0px 20px 0px&quot;,&quot;background_image_attachment&quot;:false,&quot;background_display&quot;:&quot;tile&quot;,&quot;margin&quot;:&quot;20px 0px 20px 0px&quot;,&quot;content_alignment&quot;:&quot;left&quot;,&quot;title_color&quot;:&quot;#443f3f&quot;,&quot;headings_color&quot;:&quot;#443f3f&quot;}\" >\n<div style=\"text-align: left;\" data-title-color=\"#443f3f\" data-headings-color=\"#443f3f\" class=\"panel-widget-style panel-widget-style-for-2366-2-2-1\" >\n<div class=\"so-widget-sow-editor so-widget-sow-editor-base\">\n<div class=\"siteorigin-widget-tinymce textwidget\">\n<p style=\"text-align: left;\"><img loading=\"lazy\" class=\"size-full wp-image-2397 alignleft\" src=\"https:\/\/www.mapoma.es\/running_league\/wp-content\/uploads\/2020\/02\/Carrera-VIPS-Burger-1.gif\" alt=\"\" width=\"84\" height=\"84\"\/>Promoci\u00f3n v\u00e1lida de una VIPS Club gratis con un consumo m\u00ednimo de 18\u20ac adicionales al plato regalado. V\u00e1lido todos los d\u00edas y a cualquier hora hasta el 2 de abril de 2020. No acumulable a otras promociones u ofertas ya existentes, ni a men\u00fas. V\u00e1lido un cup\u00f3n por mesa. El ticket no es fraccionable. Promoci\u00f3n v\u00e1lida en VIPS y VIPS Smart.<\/p>\n<\/div>\n<\/div>\n<\/div>\n<\/div>\n<\/div>\n<\/div>\n<\/div>\n<div id=\"pg-2366-3\"  class=\"panel-grid panel-has-style\"  data-style=\"{&quot;padding&quot;:&quot;0px&quot;,&quot;bottom_margin&quot;:&quot;35px&quot;,&quot;cell_alignment&quot;:&quot;flex-start&quot;,&quot;align&quot;:&quot;&quot;,&quot;background_image&quot;:false,&quot;overlay&quot;:&quot;&quot;,&quot;overlay_color&quot;:&quot;#000000&quot;}\"  data-ratio=\"1\"  data-ratio-direction=\"right\" >\n<div style=\"padding: 0px 0; \" data-overlay=\"true\" data-overlay-color=\"#000000\" class=\"panel-row-style panel-row-style-for-2366-3\" >\n<div id=\"pgc-2366-3-0\"  class=\"panel-grid-cell\"  data-weight=\"1\" >\n<div id=\"panel-2366-3-0-0\" class=\"so-panel widget widget_sow-image panel-first-child panel-last-child\" data-index=\"8\" data-style=\"{&quot;background_image_attachment&quot;:false,&quot;background_display&quot;:&quot;tile&quot;,&quot;content_alignment&quot;:&quot;left&quot;,&quot;title_color&quot;:&quot;#443f3f&quot;,&quot;headings_color&quot;:&quot;#443f3f&quot;}\" >\n<div style=\"text-align: left;\" data-title-color=\"#443f3f\" data-headings-color=\"#443f3f\" class=\"panel-widget-style panel-widget-style-for-2366-3-0-0\" ><div class=\"so-widget-sow-image so-widget-sow-image-default-d6014b76747a\">\n\n<div class=\"sow-image-container\">\n\t\t<img src=\"https:\/\/www.mapoma.es\/running_league\/wp-content\/uploads\/2020\/02\/VIPS_tortitas_02.jpg\" width=\"1035\" height=\"220\" srcset=\"https:\/\/www.mapoma.es\/running_league\/wp-content\/uploads\/2020\/02\/VIPS_tortitas_02.jpg 1035w, https:\/\/www.mapoma.es\/running_league\/wp-content\/uploads\/2020\/02\/VIPS_tortitas_02-300x64.jpg 300w, https:\/\/www.mapoma.es\/running_league\/wp-content\/uploads\/2020\/02\/VIPS_tortitas_02-1024x218.jpg 1024w, https:\/\/www.mapoma.es\/running_league\/wp-content\/uploads\/2020\/02\/VIPS_tortitas_02-768x163.jpg 768w, https:\/\/www.mapoma.es\/running_league\/wp-content\/uploads\/2020\/02\/VIPS_tortitas_02-830x176.jpg 830w, https:\/\/www.mapoma.es\/running_league\/wp-content\/uploads\/2020\/02\/VIPS_tortitas_02-230x49.jpg 230w, https:\/\/www.mapoma.es\/running_league\/wp-content\/uploads\/2020\/02\/VIPS_tortitas_02-350x74.jpg 350w, https:\/\/www.mapoma.es\/running_league\/wp-content\/uploads\/2020\/02\/VIPS_tortitas_02-480x102.jpg 480w\" sizes=\"(max-width: 1035px) 100vw, 1035px\" alt=\"\" loading=\"lazy\" \t\tclass=\"so-widget-image\"\/>\n\t<\/div>\n\n<\/div><\/div>\n<\/div>\n<\/div>\n<\/div>\n<\/div>\n<\/div>\n","protected":false},"excerpt":{"rendered":"<p>\u00a1Coge fuerzas con VIPS! VIPS, como patrocinador oficial de la MAPOMA Running League by AS te invita a una VIPS [&hellip;]<\/p>\n","protected":false},"author":1,"featured_media":0,"parent":0,"menu_order":0,"comment_status":"closed","ping_status":"closed","template":"page-templates\/page_fullwidth.php","meta":{"_mi_skip_tracking":false},"_links":{"self":[{"href":"https:\/\/www.mapoma.es\/running_league\/wp-json\/wp\/v2\/pages\/2366"}],"collection":[{"href":"https:\/\/www.mapoma.es\/running_league\/wp-json\/wp\/v2\/pages"}],"about":[{"href":"https:\/\/www.mapoma.es\/running_league\/wp-json\/wp\/v2\/types\/page"}],"author":[{"embeddable":true,"href":"https:\/\/www.mapoma.es\/running_league\/wp-json\/wp\/v2\/users\/1"}],"replies":[{"embeddable":true,"href":"https:\/\/www.mapoma.es\/running_league\/wp-json\/wp\/v2\/comments?post=2366"}],"version-history":[{"count":5,"href":"https:\/\/www.mapoma.es\/running_league\/wp-json\/wp\/v2\/pages\/2366\/revisions"}],"predecessor-version":[{"id":2412,"href":"https:\/\/www.mapoma.es\/running_league\/wp-json\/wp\/v2\/pages\/2366\/revisions\/2412"}],"wp:attachment":[{"href":"https:\/\/www.mapoma.es\/running_league\/wp-json\/wp\/v2\/media?parent=2366"}],"curies":[{"name":"wp","href":"https:\/\/api.w.org\/{rel}","templated":true}]}}